eatest common divisor of 91 and r.
7
Suppose -2*d = -5 - 5. Suppose -30 = -2*t + 4*w, d*t + 3*w = 2*w + 31. Calculate the greatest common factor of 49 and t.
7
Suppose -j + 25 = -0. Suppose 3 = p, -2*p - 24 = -3*r + p. Suppose 3*o - j = r. Calculate the greatest common factor of o and 48.
12
Let s = -218 + 353. What is the highest common divisor of s and 9?
9
Let x = -9 - -101. Let m = 100 - x. Calculate the greatest common factor of 1 and m.
1
Let w = 192 - 186. Suppose 120 = 8*r - 4*r. What is the greatest common divisor of r and w?
6
Let p = 980 - 158. Calculate the highest common factor of 6 and p.
6
Suppose -9*p - 2566 = -5*j - 13*p, -p = 2*j - 1024. Calculate the highest common divisor of j and 15.
15
Let i = 1330 + -1161. What is the highest common divisor of 104 and i?
13
Suppose -7 = -g + 5. Let x = g + -6. Let l be (x/(-8))/((-16)/704). What is the greatest common divisor of l and 11?
11
Suppose -2*j - 47 = -s, 0 = 4*j - 2*s + s + 91. Let x be (j/(-5) - -1) + (-46)/115. Calculate the highest common divisor of x and 40.
5
Suppose 0 = -2*a - 5*g + 2, 3*a - 30*g + 25*g - 3 = 0. Let j(d) = d**3 - d**2 - d - 1. Let w be j(2). What is the greatest common factor of a and w?
1
Let i = -5 + 98. Suppose 36*p - 35*p = 2. Suppose p*o - 289 = -3*h - 3*o, 0 = h + o - i. What is the greatest common divisor of h and 11?
11
Let n = -1674 - -1678. What is the greatest common divisor of n and 148?
4
Suppose -3*t + 497 = -4*u - 141, 0 = 4*t - 2*u - 834. What is the highest common divisor of 1339 and t?
103
Suppose -1 = -12*o + 11*o. Let t be -5 - -1 - (-5)/o. Calculate the highest common divisor of t and 7.
1
Let z = -53 - -56. Suppose 0 = -4*b - z*b + 98. What is the greatest common factor of 2 and b?
2
Suppose -4*z - 2*z + 18 = 0. Suppose -o - z = 3*m - 2, 4*m = -o - 6. What is the highest common factor of 14 and o?
14
Let x(m) = m**3 + m**2 - 4. Let a be x(0). Let c be 2*(a + 3)*2. Let p = 27 + c. What is the highest common divisor of p and 115?
23
Suppose -18*w = 3*w - 189. Calculate the highest common factor of w and 63.
9
Let q(c) = -28*c**3 - 4*c**2 - 10*c - 6. Let p be q(-3). Let y be (-5)/2*(-11)/(165/p). Calculate the highest common divisor of y and 31.
31
Let u be 282/10 - 36/30. Calculate the highest common divisor of u and 729.
27
Let u = 2578 - 1121. What is the highest common factor of u and 62?
31
Let z(k) = k**3 - 5*k**2 + 16*k - 4. Let h be z(4). What is the greatest common divisor of h and 44?
44
Let d be -3 - -21*1*9. Suppose -2*i - 2*i + 451 = 5*s, -d = -2*s + 4*i. Calculate the highest common factor of 13 and s.
13
Let g be 21/147 + 642/14. Calculate the highest common factor of 115 and g.
23
Let h be (5/10 - 3)*-14. What is the greatest common factor of 560 and h?
35
Let h = 73 - 71. Suppose d + 28 = h*d. What is the greatest common factor of d and 56?
28
Let z = 2473 - 1530. Calculate the greatest common factor of 23 and z.
23
Let b be (0 - 1)/(0 + 1). Let f = -119 + 119. Let m be 9 + (0 - f)/b. What is the greatest common divisor of m and 99?
9
Suppose 0 = 3*j - 3 + 6. Let u be ((-2)/4)/(j/2). Let p = u - -12. What is the highest common divisor of p and 52?
13
Let k = 2 + 2. Let z(b) = b**3 - 5*b**2 - 6*b - 1. Let h be z(6). Let d be h + 9 - (-4)/k. Calculate the greatest common factor of 63 and d.
9
Let l be ((-4)/6)/(2/(-36)). Let g be (-1)/12*3*(-7 + -1). Let j be ((-32)/l)/(g/(-3)). Calculate the greatest common factor of j and 12.
4
Let m(o) = -2048*o**3 + 2*o**2 - 7*o - 10. Let w be m(-1). What is the highest common factor of 89 and w?
89
Suppose 22*w = 14*w + 496. What is the greatest common factor of 248 and w?
62
Suppose -5*q = -5*w - 180, -q = -3*q - 4*w + 48. Let o = 308 + -212. What is the highest common factor of o and q?
32
Let n be (-148)/(-28) - 4/14. Let o be -2 + 895/n - -3. Let k be (-61)/(-3) + (-4)/12. What is the highest common factor of o and k?
20
Suppose 4*s - 2*s + 52 = 3*j, -s = j - 14. Let l = j - 7. Suppose 3*w - 247 = -11*h + 12*h, 4*h = 4*w - 340. What is the greatest common factor of l and w?
9
Suppose 2*x - 2*q = 216, 6*q - 93 = -x + 2*q. Let a = 29 + 13. What is the highest common factor of a and x?
21
Let c(v) = v**3 - 9*v**2 - 10*v + 15. Let m be c(10). Suppose 0 = 4*a - m - 9. Let s be 168/(-7)*(-3)/4. Calculate the greatest common factor of a and s.
6
Let q(t) = -2*t**2 + 42*t - 32. Let y be q(20). Let o = -12 + 6. Let k be (-16)/(-6) + 4/o. What is the greatest common factor of y and k?
2
Let x(l) = -l**2 + 21*l - 82. Let w be x(14). What is the highest common factor of w and 496?
16
Let w = 11 + 15. Suppose 5*u - 26 = 4*u. Calculate the highest common factor of w and u.
26
Let a(u) = -4*u - 7. Let s be a(-3). Let b be ((-610)/(-25) - -2)*s. Calculate the highest common factor of b and 22.
22
Let q be (25/3)/((-1)/(-9)). Let a = 822 - 777. What is the highest common factor of a and q?
15
Suppose -23 - 109 = -4*z. Suppose -4*r + 0 = -2*l + 2, -4*r - 5*l = -z. Suppose 3*d - 375 = -r*d. Calculate the greatest common factor of d and 15.
15
Suppose -4*w - 248 = -2*d - 2*d, 4*w = -4*d + 240. Suppose -d*x = -59*x - 24. What is the highest common divisor of 30 and x?
6
Let r(d) = d**2 - 8*d - 14. Let k be r(10). Suppose -290 - 160 = -k*w. Calculate the greatest common divisor of w and 15.
15
Let x(l) be the first derivative of -l**4/4 - 3*l**3 - 6*l**2 - 25*l + 30. Let b be x(-8). Calculate the highest common divisor of b and 49.
7
Let q be ((-198)/15)/((-3)/20). Suppose -q = 4*d - 296. Let z = d + -32. What is the highest common divisor of z and 100?
20
Let y be (-72)/27*(-1 - (-2)/(-4)). Suppose y*k + 164 = 3*f, 21 = -f + 4*k + 81. Calculate the highest common divisor of 4 and f.
4
Suppose -162 = 20*q - 47*q. Calculate the highest common factor of 27 and q.
3
Let s(z) = z**2 + 3*z - 2. Let c be 2/((-2)/4 - -1). Suppose -c*g + 2 = -3*g. Let u be s(g). Calculate the greatest common factor of u and 24.
8
Let k(f) = f**2 + 45*f - 409. Let r be k(-57). What is the greatest common divisor of 100 and r?
25
Suppose 16 = -7*h - 19. Let c(a) = a**2 + 6*a + 12. Let r be c(h). What is the greatest common divisor of r and 63?
7
Suppose -t = 3*h - 79, -h + 3*t + 23 = -0*t. Let g(b) = 12*b**2 + 2*b - 1. Let d be g(1). Calculate the greatest common factor of h and d.
13
Let y = 258 + -204. Suppose b - 3 + 0 = 0, 0 = 4*a - 4*b - 4. Suppose -a*r + 9 + 1 = -u, 3*r - 12 = 0. What is the greatest common factor of y and u?
6
Let y(l) = l**3 + 5*l**2 + 2*l + 5. Let p be y(-5). Let i(j) = 2*j**2 + 4*j + 12. Let h be i(p). What is the greatest common divisor of 105 and h?
21
Let k(w) = -4*w**3 - 17*w**2 - 6*w + 18. Let b be k(-5). What is the highest common divisor of 82 and b?
41
Let n be -2*(1/1 + -2). Let f be -10*(-2 - (2 + -2) - n). Calculate the highest common divisor of f and 24.
8
Suppose -2*o = -9 + 1, 2*o + 27 = 5*r. Let n = r - -14. Calculate the highest common divisor of n and 84.
21
Let u(a) = -6*a + 234. Let q be u(35). Calculate the greatest common factor of 888 and q.
24
Let a be (-30)/(-5)*(-1)/(-3). Suppose 4*s = -5*u + 320, -130 = -u - u - a*s. What is the greatest common factor of 12 and u?
12
Let k be 44 + (-3)/15*-5. What is the greatest common factor of k and 495?
45
Let w be 3 + 5/(-15)*3. Suppose -w*l - 5*a = -20 - 3, -4*l + 3*a = -59. Calculate the highest common divisor of 14 and l.
14
Suppose -7*q + 294 = -371. Calculate the highest common factor of q and 19.
19
Suppose 34 = -5*c + 59. Suppose c*t - 7*t - 80 = -4*v, 0 = -4*v - 5*t + 66. What is the highest common factor of 19 and v?
19
Let l = -647 + 659. Suppose 0*b = b - 240. Calculate the greatest common factor of l and b.
12
Let y be (-440)/13 - 16/104. Let f = -7 - y. What is the highest common factor of 3 and f?
3
Suppose -b - 4*b = 2*c + 10, 2*b + 2*c = -10. Suppose 3*r + b = 12. Let s be 1*-1*(-3 - -2). Calculate the greatest common factor of r and s.
1
Let n be (270/(-4))/(42/(-56)). Calculate the greatest common factor of 150 and n.
30
Suppose h + 28 = 5*h + l, l = -3*h + 21. Calculate the greatest common divisor of 49 and h.
7
Let o(n) = n**3 - 8*n**2 + n - 14. Let k be o(9). What is the greatest common divisor of 988 and k?
76
Suppose -6*l - 64 = -22*l. Suppose 0 = 3*s - 7 - 8. Suppose 2*m - 6 = j, 3*m + 17 = -0*m - s*j. Calcu